{"id":13,"date":"2024-06-05T14:57:02","date_gmt":"2024-06-05T14:57:02","guid":{"rendered":"https:\/\/ordlakaren.se\/?page_id=13"},"modified":"2024-06-26T08:53:53","modified_gmt":"2024-06-26T08:53:53","slug":"hem","status":"publish","type":"page","link":"https:\/\/ordlakaren.se\/","title":{"rendered":"Hem"},"content":{"rendered":"\t\t<div data-elementor-type=\"wp-page\" data-elementor-id=\"13\" class=\"elementor elementor-13\">\n\t\t\t\t<div class=\"elementor-element elementor-element-52bbd2e elementor-hidden-mobile e-flex e-con-boxed e-con e-parent\" data-id=\"52bbd2e\" data-element_type=\"container\" data-settings=\"{&quot;background_background&quot;:&quot;classic&quot;}\">\n\t\t\t\t\t<div class=\"e-con-inner\">\n\t\t<div class=\"elementor-element elementor-element-47c7743 e-con-full e-flex e-con e-child\" data-id=\"47c7743\" data-element_type=\"container\">\n\t\t\t\t<div class=\"elementor-element elementor-element-3d6a69c elementor-widget elementor-widget-heading\" data-id=\"3d6a69c\" data-element_type=\"widget\" data-widget_type=\"heading.default\">\n\t\t\t\t<div class=\"elementor-widget-container\">\n\t\t\t<style>\/*! elementor - v3.22.0 - 17-06-2024 *\/\n.elementor-heading-title{padding:0;margin:0;line-height:1}.elementor-widget-heading .elementor-heading-title[class*=elementor-size-]>a{color:inherit;font-size:inherit;line-height:inherit}.elementor-widget-heading .elementor-heading-title.elementor-size-small{font-size:15px}.elementor-widget-heading .elementor-heading-title.elementor-size-medium{font-size:19px}.elementor-widget-heading .elementor-heading-title.elementor-size-large{font-size:29px}.elementor-widget-heading .elementor-heading-title.elementor-size-xl{font-size:39px}.elementor-widget-heading .elementor-heading-title.elementor-size-xxl{font-size:59px}<\/style><h2 class=\"elementor-heading-title elementor-size-default\">F\u00f6rst en s\u00e5ngerska som talade mellan l\u00e5tarna...<\/h2>\t\t<\/div>\n\t\t\t\t<\/div>\n\t\t\t\t<div class=\"elementor-element elementor-element-7e03add elementor-widget elementor-widget-heading\" data-id=\"7e03add\" data-element_type=\"widget\" data-widget_type=\"heading.default\">\n\t\t\t\t<div class=\"elementor-widget-container\">\n\t\t\t<h2 class=\"elementor-heading-title elementor-size-default\">sedan en talare som sjunger mellan raderna<\/h2>\t\t<\/div>\n\t\t\t\t<\/div>\n\t\t\t\t<div class=\"elementor-element elementor-element-0d58783 elementor-widget elementor-widget-text-editor\" data-id=\"0d58783\" data-element_type=\"widget\" data-widget_type=\"text-editor.default\">\n\t\t\t\t<div class=\"elementor-widget-container\">\n\t\t\t<style>\/*! elementor - v3.22.0 - 17-06-2024 *\/\n.elementor-widget-text-editor.elementor-drop-cap-view-stacked .elementor-drop-cap{background-color:#69727d;color:#fff}.elementor-widget-text-editor.elementor-drop-cap-view-framed .elementor-drop-cap{color:#69727d;border:3px solid;background-color:transparent}.elementor-widget-text-editor:not(.elementor-drop-cap-view-default) .elementor-drop-cap{margin-top:8px}.elementor-widget-text-editor:not(.elementor-drop-cap-view-default) .elementor-drop-cap-letter{width:1em;height:1em}.elementor-widget-text-editor .elementor-drop-cap{float:left;text-align:center;line-height:1;font-size:50px}.elementor-widget-text-editor .elementor-drop-cap-letter{display:inline-block}<\/style>\t\t\t\t<p>Hj\u00e4lper er att ta kommunikation p\u00e5 allvar p\u00e5 ett lekfullt s\u00e4tt. Genom f\u00f6rel\u00e4sningar, s\u00e5nger, kortlekar eller b\u00f6cker.<\/p>\t\t\t\t\t\t<\/div>\n\t\t\t\t<\/div>\n\t\t\t\t<\/div>\n\t\t<div class=\"elementor-element elementor-element-7e6a713 e-con-full e-flex e-con e-child\" data-id=\"7e6a713\" data-element_type=\"container\">\n\t\t\t\t<\/div>\n\t\t\t\t\t<\/div>\n\t\t\t\t<\/div>\n\t\t<div class=\"elementor-element elementor-element-2242cfd elementor-hidden-desktop elementor-hidden-tablet e-flex e-con-boxed e-con e-parent\" data-id=\"2242cfd\" data-element_type=\"container\" data-settings=\"{&quot;background_background&quot;:&quot;classic&quot;}\">\n\t\t\t\t\t<div class=\"e-con-inner\">\n\t\t<div class=\"elementor-element elementor-element-623fc56 e-con-full e-flex e-con e-child\" data-id=\"623fc56\" data-element_type=\"container\">\n\t\t\t\t<div class=\"elementor-element elementor-element-96f31ea elementor-widget elementor-widget-heading\" data-id=\"96f31ea\" data-element_type=\"widget\" data-widget_type=\"heading.default\">\n\t\t\t\t<div class=\"elementor-widget-container\">\n\t\t\t<h2 class=\"elementor-heading-title elementor-size-default\">F\u00f6rst en s\u00e5ngerska som talade mellan l\u00e5tarna...<\/h2>\t\t<\/div>\n\t\t\t\t<\/div>\n\t\t\t\t<div class=\"elementor-element elementor-element-eb5f76f elementor-widget elementor-widget-heading\" data-id=\"eb5f76f\" data-element_type=\"widget\" data-widget_type=\"heading.default\">\n\t\t\t\t<div class=\"elementor-widget-container\">\n\t\t\t<h2 class=\"elementor-heading-title elementor-size-default\">sedan en talare som sjunger mellan raderna<\/h2>\t\t<\/div>\n\t\t\t\t<\/div>\n\t\t\t\t<div class=\"elementor-element elementor-element-82e988a elementor-widget elementor-widget-text-editor\" data-id=\"82e988a\" data-element_type=\"widget\" data-widget_type=\"text-editor.default\">\n\t\t\t\t<div class=\"elementor-widget-container\">\n\t\t\t\t\t\t\t<p>Hj\u00e4lper er att ta kommunikation p\u00e5 allvar p\u00e5 ett lekfullt s\u00e4tt. Genom f\u00f6rel\u00e4sningar, s\u00e5nger, kortlekar eller b\u00f6cker.<\/p>\t\t\t\t\t\t<\/div>\n\t\t\t\t<\/div>\n\t\t\t\t<\/div>\n\t\t\t\t\t<\/div>\n\t\t\t\t<\/div>\n\t\t<div class=\"elementor-element elementor-element-9c96e4d elementor-hidden-mobile e-flex e-con-boxed e-con e-parent\" data-id=\"9c96e4d\" data-element_type=\"container\">\n\t\t\t\t\t<div class=\"e-con-inner\">\n\t\t<div class=\"elementor-element elementor-element-96ada44 e-con-full e-flex e-con e-child\" data-id=\"96ada44\" data-element_type=\"container\">\n\t\t\t\t<div class=\"elementor-element elementor-element-ab5ef1d elementor-widget elementor-widget-image\" data-id=\"ab5ef1d\" data-element_type=\"widget\" data-widget_type=\"image.default\">\n\t\t\t\t<div class=\"elementor-widget-container\">\n\t\t\t<style>\/*! elementor - v3.22.0 - 17-06-2024 *\/\n.elementor-widget-image{text-align:center}.elementor-widget-image a{display:inline-block}.elementor-widget-image a img[src$=\".svg\"]{width:48px}.elementor-widget-image img{vertical-align:middle;display:inline-block}<\/style>\t\t\t\t\t\t\t\t\t\t<img fetchpriority=\"high\" decoding=\"async\" width=\"744\" height=\"788\" src=\"https:\/\/ordlakaren.se\/wp-content\/uploads\/2024\/06\/anna-bild-presenation.jpg\" class=\"attachment-large size-large wp-image-91\" alt=\"\" srcset=\"https:\/\/ordlakaren.se\/wp-content\/uploads\/2024\/06\/anna-bild-presenation.jpg 744w, https:\/\/ordlakaren.se\/wp-content\/uploads\/2024\/06\/anna-bild-presenation-283x300.jpg 283w\" sizes=\"(max-width: 744px) 100vw, 744px\" \/>\t\t\t\t\t\t\t\t\t\t\t\t\t<\/div>\n\t\t\t\t<\/div>\n\t\t\t\t<\/div>\n\t\t<div class=\"elementor-element elementor-element-6581dee e-con-full e-flex e-con e-child\" data-id=\"6581dee\" data-element_type=\"container\">\n\t\t\t\t<div class=\"elementor-element elementor-element-37c4756 elementor-widget elementor-widget-heading\" data-id=\"37c4756\" data-element_type=\"widget\" data-widget_type=\"heading.default\">\n\t\t\t\t<div class=\"elementor-widget-container\">\n\t\t\t<h2 class=\"elementor-heading-title elementor-size-default\">Hej, jag \u00e4r Anna.<\/h2>\t\t<\/div>\n\t\t\t\t<\/div>\n\t\t\t\t<div class=\"elementor-element elementor-element-35861eb elementor-widget elementor-widget-text-editor\" data-id=\"35861eb\" data-element_type=\"widget\" data-widget_type=\"text-editor.default\">\n\t\t\t\t<div class=\"elementor-widget-container\">\n\t\t\t\t\t\t\t<p>Om ni vill skaka om er kommunikation med en ordb\u00e4vning eller bara ha lite roligare med orden s\u00e5 har ni kommit r\u00e4tt.<\/p><p>Bli en b\u00e4ttre kommunikat\u00f6r genom att anv\u00e4nda min kortlek med eller utan min guidning, ni f\u00e5r ocks\u00e5 g\u00e4rna l\u00e4sa mina b\u00f6cker.<\/p><p>Kontakta mig g\u00e4rna om ni vill g\u00f6ra en bokning eller har n\u00e5gra fr\u00e5gor.<\/p><p>Anna K\u00e4lld\u00e9n<br \/><a href=\"mailto:anna@ordlakaren.se\">anna@ordlakaren.se<\/a><br \/><a href=\"tel:+46707401745\">070-740 17 45<\/a><\/p>\t\t\t\t\t\t<\/div>\n\t\t\t\t<\/div>\n\t\t\t\t<\/div>\n\t\t\t\t\t<\/div>\n\t\t\t\t<\/div>\n\t\t<div class=\"elementor-element elementor-element-f102e22 elementor-hidden-desktop elementor-hidden-tablet e-flex e-con-boxed e-con e-parent\" data-id=\"f102e22\" data-element_type=\"container\">\n\t\t\t\t\t<div class=\"e-con-inner\">\n\t\t<div class=\"elementor-element elementor-element-887ea95 e-con-full e-flex e-con e-child\" data-id=\"887ea95\" data-element_type=\"container\">\n\t\t<div class=\"elementor-element elementor-element-9b21d95 e-con-full e-flex e-con e-child\" data-id=\"9b21d95\" data-element_type=\"container\">\n\t\t\t\t<div class=\"elementor-element elementor-element-57eae49 elementor-widget elementor-widget-heading\" data-id=\"57eae49\" data-element_type=\"widget\" data-widget_type=\"heading.default\">\n\t\t\t\t<div class=\"elementor-widget-container\">\n\t\t\t<h2 class=\"elementor-heading-title elementor-size-default\">Hej, jag \u00e4r Anna.<\/h2>\t\t<\/div>\n\t\t\t\t<\/div>\n\t\t\t\t<div class=\"elementor-element elementor-element-e41fef0 elementor-widget elementor-widget-text-editor\" data-id=\"e41fef0\" data-element_type=\"widget\" data-widget_type=\"text-editor.default\">\n\t\t\t\t<div class=\"elementor-widget-container\">\n\t\t\t\t\t\t\t<p>Om ni vill skaka om er kommunikation med en ordb\u00e4vning eller bara ha lite roligare med orden s\u00e5 har ni kommit r\u00e4tt.<\/p><p>Bli en b\u00e4ttre kommunikat\u00f6r genom att anv\u00e4nda min kortlek med eller utan min guidning, ni f\u00e5r ocks\u00e5 g\u00e4rna l\u00e4sa mina b\u00f6cker.<\/p><p>Kontakta mig g\u00e4rna om ni vill g\u00f6ra en bokning eller har n\u00e5gra fr\u00e5gor.<\/p><p>Anna K\u00e4lld\u00e9n<br \/><a href=\"mailto:anna@ordlakaren.se\">anna@ordlakaren.se<\/a><br \/><a href=\"tel:+46707401745\">070-740 17 45<\/a><\/p>\t\t\t\t\t\t<\/div>\n\t\t\t\t<\/div>\n\t\t\t\t<\/div>\n\t\t\t\t<div class=\"elementor-element elementor-element-992af0c elementor-widget elementor-widget-image\" data-id=\"992af0c\" data-element_type=\"widget\" data-widget_type=\"image.default\">\n\t\t\t\t<div class=\"elementor-widget-container\">\n\t\t\t\t\t\t\t\t\t\t\t\t\t<img fetchpriority=\"high\" decoding=\"async\" width=\"744\" height=\"788\" src=\"https:\/\/ordlakaren.se\/wp-content\/uploads\/2024\/06\/anna-bild-presenation.jpg\" class=\"attachment-large size-large wp-image-91\" alt=\"\" srcset=\"https:\/\/ordlakaren.se\/wp-content\/uploads\/2024\/06\/anna-bild-presenation.jpg 744w, https:\/\/ordlakaren.se\/wp-content\/uploads\/2024\/06\/anna-bild-presenation-283x300.jpg 283w\" sizes=\"(max-width: 744px) 100vw, 744px\" \/>\t\t\t\t\t\t\t\t\t\t\t\t\t<\/div>\n\t\t\t\t<\/div>\n\t\t\t\t<\/div>\n\t\t\t\t\t<\/div>\n\t\t\t\t<\/div>\n\t\t<div class=\"elementor-element elementor-element-8fe9543 e-flex e-con-boxed e-con e-parent\" data-id=\"8fe9543\" data-element_type=\"container\">\n\t\t\t\t\t<div class=\"e-con-inner\">\n\t\t\t\t<div class=\"elementor-element elementor-element-9614eb5 elementor-widget elementor-widget-video\" data-id=\"9614eb5\" data-element_type=\"widget\" data-settings=\"{&quot;youtube_url&quot;:&quot;https:\\\/\\\/www.youtube.com\\\/watch?v=OunocqSc1Rg&quot;,&quot;video_type&quot;:&quot;youtube&quot;}\" data-widget_type=\"video.default\">\n\t\t\t\t<div class=\"elementor-widget-container\">\n\t\t\t<style>\/*! elementor - v3.22.0 - 17-06-2024 *\/\n.elementor-widget-video .elementor-widget-container{overflow:hidden;transform:translateZ(0)}.elementor-widget-video .elementor-wrapper{aspect-ratio:var(--video-aspect-ratio)}.elementor-widget-video .elementor-wrapper iframe,.elementor-widget-video .elementor-wrapper video{height:100%;width:100%;display:flex;border:none;background-color:#000}@supports not (aspect-ratio:1\/1){.elementor-widget-video .elementor-wrapper{position:relative;overflow:hidden;height:0;padding-bottom:calc(100% \/ var(--video-aspect-ratio))}.elementor-widget-video .elementor-wrapper iframe,.elementor-widget-video .elementor-wrapper video{position:absolute;top:0;right:0;bottom:0;left:0}}.elementor-widget-video .elementor-open-inline .elementor-custom-embed-image-overlay{position:absolute;top:0;right:0;bottom:0;left:0;background-size:cover;background-position:50%}.elementor-widget-video .elementor-custom-embed-image-overlay{cursor:pointer;text-align:center}.elementor-widget-video .elementor-custom-embed-image-overlay:hover .elementor-custom-embed-play i{opacity:1}.elementor-widget-video .elementor-custom-embed-image-overlay img{display:block;width:100%;aspect-ratio:var(--video-aspect-ratio);-o-object-fit:cover;object-fit:cover;-o-object-position:center center;object-position:center center}@supports not (aspect-ratio:1\/1){.elementor-widget-video .elementor-custom-embed-image-overlay{position:relative;overflow:hidden;height:0;padding-bottom:calc(100% \/ var(--video-aspect-ratio))}.elementor-widget-video .elementor-custom-embed-image-overlay img{position:absolute;top:0;right:0;bottom:0;left:0}}.elementor-widget-video .e-hosted-video .elementor-video{-o-object-fit:cover;object-fit:cover}.e-con-inner>.elementor-widget-video,.e-con>.elementor-widget-video{width:var(--container-widget-width);--flex-grow:var(--container-widget-flex-grow)}<\/style>\t\t<div class=\"elementor-wrapper elementor-open-inline\">\n\t\t\t<div class=\"elementor-video\"><\/div>\t\t<\/div>\n\t\t\t\t<\/div>\n\t\t\t\t<\/div>\n\t\t\t\t\t<\/div>\n\t\t\t\t<\/div>\n\t\t\t\t<\/div>\n\t\t","protected":false},"excerpt":{"rendered":"<p>F\u00f6rst en s\u00e5ngerska som talade mellan l\u00e5tarna&#8230; sedan en talare som sjunger mellan raderna Hj\u00e4lper er att ta kommunikation p\u00e5 allvar p\u00e5 ett lekfullt s\u00e4tt. Genom f\u00f6rel\u00e4sningar, s\u00e5nger, kortlekar eller b\u00f6cker. F\u00f6rst en s\u00e5ngerska som talade mellan l\u00e5tarna&#8230; sedan en talare som sjunger mellan raderna Hj\u00e4lper er att ta kommunikation p\u00e5 allvar p\u00e5 ett lekfullt [&hellip;]<\/p>\n","protected":false},"author":1,"featured_media":0,"parent":0,"menu_order":0,"comment_status":"closed","ping_status":"closed","template":"elementor_header_footer","meta":{"_monsterinsights_skip_tracking":false,"_monsterinsights_sitenote_active":false,"_monsterinsights_sitenote_note":"","_monsterinsights_sitenote_category":0,"footnotes":""},"aioseo_notices":[],"_links":{"self":[{"href":"https:\/\/ordlakaren.se\/index.php\/wp-json\/wp\/v2\/pages\/13"}],"collection":[{"href":"https:\/\/ordlakaren.se\/index.php\/wp-json\/wp\/v2\/pages"}],"about":[{"href":"https:\/\/ordlakaren.se\/index.php\/wp-json\/wp\/v2\/types\/page"}],"author":[{"embeddable":true,"href":"https:\/\/ordlakaren.se\/index.php\/wp-json\/wp\/v2\/users\/1"}],"replies":[{"embeddable":true,"href":"https:\/\/ordlakaren.se\/index.php\/wp-json\/wp\/v2\/comments?post=13"}],"version-history":[{"count":82,"href":"https:\/\/ordlakaren.se\/index.php\/wp-json\/wp\/v2\/pages\/13\/revisions"}],"predecessor-version":[{"id":200,"href":"https:\/\/ordlakaren.se\/index.php\/wp-json\/wp\/v2\/pages\/13\/revisions\/200"}],"wp:attachment":[{"href":"https:\/\/ordlakaren.se\/index.php\/wp-json\/wp\/v2\/media?parent=13"}],"curies":[{"name":"wp","href":"https:\/\/api.w.org\/{rel}","templated":true}]}}